{"id":472,"date":"2021-08-02T10:35:23","date_gmt":"2021-08-02T08:35:23","guid":{"rendered":"https:\/\/stachelbart-verlag.de\/?post_type=product&#038;p=472"},"modified":"2024-11-24T07:23:22","modified_gmt":"2024-11-24T06:23:22","slug":"holm-schneider-neue-nester-fuer-die-schwalben","status":"publish","type":"product","link":"https:\/\/stachelbart-verlag.de\/?product=holm-schneider-neue-nester-fuer-die-schwalben","title":{"rendered":"Holm Schneider: &#8222;Neue Nester f\u00fcr die Schwalben&#8220;\u00a0"},"content":{"rendered":"<p>Johanna hat Angst &#8211; vor Holger, dem Riesenkerl mit der Narbe am Kopf, der ihr tote V\u00f6gel vor die Nase h\u00e4lt und Unverst\u00e4ndliches dazu stammelt. Doch dann erf\u00e4hrt sie von dem Unfall, bei dem Holgers Gehirn verletzt wurde. Wochenlang lag er in einem tiefen Schlaf, irgendwo zwischen Leben und Tod. Als er wieder zu sich kam, glich der Mann einem Baby: Er musste gef\u00fcttert und gewindelt werden und brauchte ein Schutzgitter am Bett. Monate vergingen, bis er wieder allein essen oder laufen konnte. Am schwersten aber fiel ihm das Sprechen, denn Holger hatte fast alle W\u00f6rter vergessen und keins von denen, die er h\u00f6rte, blieb in seinem Kopf. Die meisten flogen gleich wieder davon &#8211; bis er eines Tages lernte, den Ruf der Schwalben nachzuahmen \u2026<\/p>\n<p>48 Seiten, Hardcover, 1. Aufl. 2014<\/p>\n","protected":false},"excerpt":{"rendered":"<p>Johanna hat Angst &#8211; vor Holger, dem Riesenkerl mit der Narbe am Kopf, der ihr tote V\u00f6gel vor die Nase h\u00e4lt und Unverst\u00e4ndliches dazu stammelt. Doch dann erf\u00e4hrt sie von dem Unfall, bei dem Holgers Gehirn verletzt wurde. Wochenlang lag er in einem tiefen Schlaf, irgendwo zwischen Leben und Tod. Als er wieder zu sich kam, glich der Mann einem Baby: Er musste gef\u00fcttert und gewindelt werden und brauchte ein Schutzgitter am Bett. Monate vergingen, bis er wieder allein essen oder laufen konnte. Am schwersten aber fiel ihm das Sprechen, denn Holger hatte fast alle W\u00f6rter vergessen und keins von denen, die er h\u00f6rte, blieb in seinem Kopf. Die meisten flogen gleich wieder davon &#8211; bis er eines Tages lernte, den Ruf der Schwalben nachzuahmen \u2026<\/p>\n","protected":false},"featured_media":869,"comment_status":"open","ping_status":"closed","template":"","meta":{"neve_meta_sidebar":"","neve_meta_container":"","neve_meta_enable_content_width":"off","neve_meta_content_width":70,"neve_meta_title_alignment":"","neve_meta_author_avatar":"","neve_post_elements_order":"","neve_meta_disable_header":"","neve_meta_disable_footer":"","neve_meta_disable_title":""},"product_brand":[],"product_cat":[35,41,43],"product_tag":[69,78,79,80,84,86],"class_list":{"0":"post-472","1":"product","2":"type-product","3":"status-publish","4":"has-post-thumbnail","6":"product_cat-abenteuer","7":"product_cat-kids","8":"product_cat-sachbuch","9":"product_tag-behinderung","10":"product_tag-anderssein","11":"product_tag-vielfalt","12":"product_tag-inklusion","13":"product_tag-natur","14":"product_tag-voegel","16":"first","17":"instock","18":"shipping-taxable","19":"purchasable","20":"product-type-simple"},"jetpack_sharing_enabled":true,"_links":{"self":[{"href":"https:\/\/stachelbart-verlag.de\/index.php?rest_route=\/wp\/v2\/product\/472","targetHints":{"allow":["GET"]}}],"collection":[{"href":"https:\/\/stachelbart-verlag.de\/index.php?rest_route=\/wp\/v2\/product"}],"about":[{"href":"https:\/\/stachelbart-verlag.de\/index.php?rest_route=\/wp\/v2\/types\/product"}],"replies":[{"embeddable":true,"href":"https:\/\/stachelbart-verlag.de\/index.php?rest_route=%2Fwp%2Fv2%2Fcomments&post=472"}],"wp:featuredmedia":[{"embeddable":true,"href":"https:\/\/stachelbart-verlag.de\/index.php?rest_route=\/wp\/v2\/media\/869"}],"wp:attachment":[{"href":"https:\/\/stachelbart-verlag.de\/index.php?rest_route=%2Fwp%2Fv2%2Fmedia&parent=472"}],"wp:term":[{"taxonomy":"product_brand","embeddable":true,"href":"https:\/\/stachelbart-verlag.de\/index.php?rest_route=%2Fwp%2Fv2%2Fproduct_brand&post=472"},{"taxonomy":"product_cat","embeddable":true,"href":"https:\/\/stachelbart-verlag.de\/index.php?rest_route=%2Fwp%2Fv2%2Fproduct_cat&post=472"},{"taxonomy":"product_tag","embeddable":true,"href":"https:\/\/stachelbart-verlag.de\/index.php?rest_route=%2Fwp%2Fv2%2Fproduct_tag&post=472"}],"curies":[{"name":"wp","href":"https:\/\/api.w.org\/{rel}","templated":true}]}}