{"id":490,"date":"2021-08-02T11:04:59","date_gmt":"2021-08-02T09:04:59","guid":{"rendered":"https:\/\/stachelbart-verlag.de\/?post_type=product&#038;p=490"},"modified":"2021-08-20T12:39:49","modified_gmt":"2021-08-20T10:39:49","slug":"ingeborg-rotach-taschenpost","status":"publish","type":"product","link":"https:\/\/stachelbart-verlag.de\/?product=ingeborg-rotach-taschenpost","title":{"rendered":"Ingeborg Rotach: &#8222;Taschenpost&#8220;"},"content":{"rendered":"<p>Salome und Mike \u2013 eben waren sie noch ein cooles Paar, das in der Klasse den Ton angab und etwas zu sagen hatte. Doch seit Mike nur noch Augen f\u00fcr die sch\u00f6ne Tina hat und Salome links liegenl\u00e4sst, ist alles anders. Wie soll Salome nach einem solchen Schlag, nach einem solchen Ungl\u00fcck, weiter in der Schule aufpassen und am Unterricht teilnehmen? Sie tr\u00e4umt vor sich hin, beobachtet Mike, zeichnet ihn und merkt kaum, dass ihre Mathe- und Physiknoten ins Bodenlose fallen. Sie streitet mit den Eltern und steigert sich erneut in die Trauer um ihren verstorbenen Banknachbarn und Freund Luzi hinein, der ihr jetzt sicher geholfen h\u00e4tte.<\/p>\n<p>An einem besonders katastrophalen Tag, als alles schiefgeht, beschlie\u00dft Salome abzuhauen. Sie ist \u00fcberzeugt davon, dass niemand sie liebt, niemand sie versteht, niemand zu ihr h\u00e4lt. Doch was dann passiert, das h\u00e4tte sich Salome in ihren wildesten Tr\u00e4umen nicht ausmalen k\u00f6nnen &#8230;<\/p>\n<p>104 Seiten, Hardcover, 1. Aufl. 2018<\/p>\n","protected":false},"excerpt":{"rendered":"<p>Salome und Mike \u2013 eben waren sie noch ein cooles Paar, das in der Klasse den Ton angab und etwas zu sagen hatte. Doch seit Mike nur noch Augen f\u00fcr die sch\u00f6ne Tina hat und Salome links liegenl\u00e4sst, ist alles anders. Wie soll Salome nach einem solchen Schlag, nach einem solchen Ungl\u00fcck, weiter in der Schule aufpassen und am Unterricht teilnehmen? Sie tr\u00e4umt vor sich hin, beobachtet Mike, zeichnet ihn und merkt kaum, dass ihre Mathe- und Physiknoten ins Bodenlose fallen. Sie streitet mit den Eltern und steigert sich erneut in die Trauer um ihren verstorbenen Banknachbarn und Freund Luzi hinein, der ihr jetzt sicher geholfen h\u00e4tte.<\/p>\n<p>An einem besonders katastrophalen Tag, als alles schiefgeht, beschlie\u00dft Salome abzuhauen. Sie ist \u00fcberzeugt davon, dass niemand sie liebt, niemand sie versteht, niemand zu ihr h\u00e4lt. Doch was dann passiert, das h\u00e4tte sich Salome in ihren wildesten Tr\u00e4umen nicht ausmalen k\u00f6nnen &#8230;<\/p>\n","protected":false},"featured_media":864,"comment_status":"open","ping_status":"closed","template":"","meta":{"neve_meta_sidebar":"","neve_meta_container":"","neve_meta_enable_content_width":"off","neve_meta_content_width":70,"neve_meta_title_alignment":"","neve_meta_author_avatar":"","neve_post_elements_order":"","neve_meta_disable_header":"","neve_meta_disable_footer":"","neve_meta_disable_title":""},"product_brand":[],"product_cat":[35,41,43],"product_tag":[],"class_list":{"0":"post-490","1":"product","2":"type-product","3":"status-publish","4":"has-post-thumbnail","6":"product_cat-abenteuer","7":"product_cat-kids","8":"product_cat-sachbuch","10":"first","11":"instock","12":"shipping-taxable","13":"purchasable","14":"product-type-simple"},"jetpack_sharing_enabled":true,"_links":{"self":[{"href":"https:\/\/stachelbart-verlag.de\/index.php?rest_route=\/wp\/v2\/product\/490","targetHints":{"allow":["GET"]}}],"collection":[{"href":"https:\/\/stachelbart-verlag.de\/index.php?rest_route=\/wp\/v2\/product"}],"about":[{"href":"https:\/\/stachelbart-verlag.de\/index.php?rest_route=\/wp\/v2\/types\/product"}],"replies":[{"embeddable":true,"href":"https:\/\/stachelbart-verlag.de\/index.php?rest_route=%2Fwp%2Fv2%2Fcomments&post=490"}],"wp:featuredmedia":[{"embeddable":true,"href":"https:\/\/stachelbart-verlag.de\/index.php?rest_route=\/wp\/v2\/media\/864"}],"wp:attachment":[{"href":"https:\/\/stachelbart-verlag.de\/index.php?rest_route=%2Fwp%2Fv2%2Fmedia&parent=490"}],"wp:term":[{"taxonomy":"product_brand","embeddable":true,"href":"https:\/\/stachelbart-verlag.de\/index.php?rest_route=%2Fwp%2Fv2%2Fproduct_brand&post=490"},{"taxonomy":"product_cat","embeddable":true,"href":"https:\/\/stachelbart-verlag.de\/index.php?rest_route=%2Fwp%2Fv2%2Fproduct_cat&post=490"},{"taxonomy":"product_tag","embeddable":true,"href":"https:\/\/stachelbart-verlag.de\/index.php?rest_route=%2Fwp%2Fv2%2Fproduct_tag&post=490"}],"curies":[{"name":"wp","href":"https:\/\/api.w.org\/{rel}","templated":true}]}}